 of 2644806?
True
Is 6969773 a multiple of 1613?
True
Is 651 a factor of 3584406?
True
Is 431361 a multiple of 369?
True
Does 337 divide 265893?
True
Is 15708850 a multiple of 425?
True
Is 264 a factor of 13656?
False
Does 163 divide 1008462?
False
Does 14 divide 2163952?
True
Is 2712919 a multiple of 279?
False
Does 22 divide 101385?
False
Does 640 divide 5879776?
False
Is 106914 a multiple of 519?
True
Does 10 divide 834780?
True
Does 37 divide 646323?
False
Does 219 divide 396816?
False
Does 57 divide 11514?
True
Is 4120 a multiple of 206?
True
Is 147 a factor of 7368522?
True
Is 1134975 a multiple of 963?
False
Is 608336 a multiple of 5?
False
Is 4718271 a multiple of 609?
False
Is 249108 a multiple of 15?
False
Does 31 divide 849431?
True
Is 2622160 a multiple of 584?
True
Is 90 a factor of 83160?
True
Is 617976 a multiple of 12?
True
Is 3 a factor of 16943?
False
Does 101 divide 53201?
False
Is 5633094 a multiple of 948?
False
Is 18040 a multiple of 41?
True
Does 23 divide 751282?
False
Does 423 divide 929331?
True
Is 67938 a multiple of 402?
True
Does 25 divide 201575?
True
Is 18548651 a multiple of 2123?
True
Is 59994 a multiple of 303?
True
Is 48 a factor of 3025488?
True
Does 985 divide 3241639?
False
Is 10981520 a multiple of 44?
True
Does 153 divide 737154?
True
Does 452 divide 866484?
True
Does 367 divide 132030?
False
Is 163118 a multiple of 15?
False
Is 37 a factor of 5020417?
False
Does 22 divide 506154?
True
Does 576 divide 5101632?
True
Is 5142407 a multiple of 19?
True
Is 18 a factor of 74520?
True
Does 263 divide 176210?
True
Is 535392 a multiple of 572?
True
Is 54780 a multiple of 222?
False
Does 6 divide 13515?
False
Is 105 a factor of 53356?
False
Is 38 a factor of 2518615?
False
Does 50 divide 551066?
False
Does 8 divide 982576?
True
Is 25673 a multiple of 205?
False
Does 58 divide 5593252?
False
Is 270543 a multiple of 13?
True
Is 50 a factor of 145850?
True
Is 2532570 a multiple of 18?
False
Is 1053338 a multiple of 143?
True
Does 10 divide 209240?
True
Does 854 divide 2088030?
True
Does 86 divide 347096?
True
Is 246270 a multiple of 15?
True
Is 17139915 a multiple of 585?
True
Does 20 divide 78820?
True
Is 961636 a multiple of 27?
False
Is 255 a factor of 677593?
False
Is 84 a factor of 2276722?
False
Does 370 divide 8280600?
True
Is 55 a factor of 165?
True
Is 153 a factor of 265302?
True
Does 23 divide 41264?
False
Is 34 a factor of 778973?
False
Is 838605 a multiple of 10?
False
Does 214 divide 5070656?
False
Is 420989 a multiple of 9?
False
Does 7 divide 14231?
True
Is 218 a factor of 461724?
True
Is 3084893 a multiple of 11?
False
Is 6067098 a multiple of 246?
True
Is 5 a factor of 727520?
True
Is 15 a factor of 793905?
True
Is 8 a factor of 193379?
False
Is 2157455 a multiple of 651?
False
Is 522160 a multiple of 107?
True
Is 425501 a multiple of 43?
False
Is 4585 a multiple of 4?
False
Is 470 a factor of 2663020?
True
Is 254375 a multiple of 275?
True
Is 5075 a multiple of 9?
False
Is 13151 a multiple of 43?
False
Is 14 a factor of 244437?
False
Is 22740 a multiple of 5?
True
Does 8 divide 1640640?
True
Is 7 a factor of 6654022?
False
Is 14 a factor of 200375?
False
Is 13 a factor of 3740343?
False
Is 9 a factor of 11709?
True
Is 29 a factor of 310283?
False
Is 11 a factor of 617342?
True
Is 1815160 a multiple of 8?
True
Does 9 divide 30834?
True
Does 291 divide 13633059?
True
Is 71200 a multiple of 3?
False
Is 12626 a multiple of 12?
False
Does 38 divide 404320?
True
Is 7 a factor of 79002?
True
Does 12 divide 1518852?
True
Does 305 divide 27450?
True
Is 12547986 a multiple of 138?
False
Does 19 divide 214586?
True
Is 16400 even?
True
Is 101 a factor of 3522880?
True
Is 17 a factor of 1304104?
True
Is 12 a factor of 10520200?
False
Is 22527 a multiple of 26?
False
Is 93 a factor of 4124476?
False
Does 21 divide 81102?
True
Does 138 divide 254793?
False
Is 91314 a multiple of 19?
True
Does 3 divide 347650?
False
Does 62 divide 47943?
False
Is 45 a factor of 1508985?
True
Is 6 a factor of 212052?
True
Does 98 divide 2440690?
True
Does 5 divide 710539?
False
Is 4451454 a multiple of 206?
True
Is 19 a factor of 30560189?
True
Is 74 a factor of 1814110?
True
Is 1634864 a multiple of 77?
True
Is 16 a factor of 132304?
True
Is 1451967 a multiple of 253?
True
Is 7724773 a multiple of 19?
True
Does 12 divide 32532?
True
Is 24 a factor of 125592?
True
Is 535 a factor of 23540?
True
Is 373184 a multiple of 68?
True
Does 633 divide 770570?
False
Does 271 divide 1151123?
False
Does 10 divide 165257?
False
Is 13 a factor of 4643704?
True
Does 137 divide 16029?
True
Is 59 a factor of 4215222?
False
Is 10 a factor of 371270?
True
Is 49158 a multiple of 11?
False
Is 502761 a multiple of 5?
False
Is 268 a factor of 88440?
True
Does 14 divide 506856?
True
Is 7565872 a multiple of 94?
True
Does 44 divide 1563271?
False
Is 67896 a multiple of 123?
True
Is 121458 a multiple of 6?
True
Is 64 a factor of 312704?
True
Does 9 divide 2478862?
False
Is 193438 a multiple of 15?
False
Is 220 a factor of 280266?
False
Does 4 divide 15929?
False
Is 646632 a multiple of 24?
True
Is 9207536 a multiple of 7?
False
Is 33463692 a multiple of 27?
True
Is 597162 a multiple of 94?
False
Is 15053976 a multiple of 21?
True
Does 19 divide 141759?
True
Does 315 divide 6192619?
False
Is 3002700 a multiple of 20?
True
Is 8527012 a multiple of 52?
True
Does 35 divide 411740?
True
Does 22 divide 4073696?
True
Is 877 a factor of 19279968?
True
Is 483556 a multiple of 412?
False
Does 10 divide 2515423?
False
Does 7 divide 1215200?
True
Is 564630 a multiple of 22?
True
Is 46746 a multiple of 318?
True
Is 106400 a multiple of 50?
True
Does 58 divide 16899286?
True
Is 109 a factor of 64957?
False
Is 53 a factor of 57819?
False
Does 72 divide 288000?
True
Is 3549076 a multiple of 9?
False
Is 3983758 a multiple of 399?
False
Is 259662 a multiple of 26?
True
Is 1932708 a multiple of 17?
False
Does 312 divide 2562406?
False
Does 5 divide 269524?
False
Does 12 divide 3371401?
False
Is 13 a factor of 1491646?
True
Is 1387161 a multiple of 9?
True
Is 3448043 a multiple of 34?
False
Is 209 a factor of 8943?
False
Is 402 a factor of 3078798?
False
Is 38 a factor of 611442?
False
Does 135 divide 12692?
False
Does 51 divide 396211?
False
Does 61 divide 41181?
False
Does 161 divide 210749?
True
Does 410 divide 504710?
True
Does 28 divide 1607648?
True
Is 934329 a multiple of 23?
True
Is 92632 a multiple of 57?
False
Is 590360 a multiple of 28?
False
Does 8 divide 1788904?
True
Is 135882 a multiple of 3?
True
Is 3 a factor of 1372982?
False
Is 98 a factor of 24114?
False
Is 23 a factor of 83789?
True
Is 7555143 a multiple of 35?
False
Is 6 a factor of 3618960?
True
Is 2963536 a multiple of 308?
False
Is 41 a factor of 96376?
False
Is 28 a factor of 1422587?
False
Does 60 divide 235531?
False
Does 34 divide 31918?
False
Does 4 divide 346027?
False
Is 2 a factor of 486521?
False
Does 13 divide 369174?
True
Is 27 a factor of 2875689?
True
Does 24 divide 8775877?
False
Does 264 divide 83815?
False
Is 41 a factor of 26369?
False
Is 428860 a multiple of 205?
True
Is 335 a factor of 839845?
True
Does 37 divide 3835420?
True
Is 92 a factor of 239319?
False
Does 1609 divide 7379337?
False
Is 245 a factor of 1111565?
True
Is 1428548 a multiple of 22?
True
Does 8 divide 133312?
True
Is 436516 a multiple of 90?
False
Is 739791 a multiple of 2?
False
Is 1727385 a multiple of 551?
True
Is 9 a factor of 1079423?
False
Is 119364 a multiple of 21?
True
Does 61 divide 103429?
False
Is 12057 even?
False
Is 11822400 a multiple of 900?
True
Is 18 a factor of 74862?
True
Is 8 a factor of 1023568?
True
Is 605 a factor of 765812?
False
Does 41 divide 151741?
True
Does 6 divide 190770?
True
Is 591802 a multiple of 143?
False
Is 81689 a multiple of 11?
False
Does 18 divide 185716?
False
Does 108 divide 1285577?
False
Is 101407 a multiple of 89?
False
Is 130 a factor of 7511020?
False
Does 10 divide 95536?
False
Is 24 a factor of 11691360?
True
Does 118 divide 1835018?
True
Does 57 divide 543894?
True
Does 668 divide 2455582?
False
Is 29529 a multiple of 4?
False
Does 5 divide 10880?
True
Does 112 divide 1660176?
True
Is 796 a factor of 2520136?
True
Is 201718 a multiple of 106?
True
Does 4 divi